0 - -26) + (-10 - (2 + -2)).
11
Calculate 5 + 0 - 8 - (8 + (0 - 13)).
2
What is (-2 - (2 + -6)) + (-14 + 24 - 10)?
2
What is -2 + (-8 - (-6 + (-8 - -10)))?
-6
Evaluate 2 + (-15 - 0) + (61 - 60).
-12
20 - 0 - (82 + -97)
35
Evaluate -13 + 8 - (11 - (2 + 5)).
-9
What is -11 - -22 - (4 + -10 - (1 + -5))?
13
What is (-71 - -72) + (4 - 10)?
-5
Evaluate (-23 - 1) + (-219 - -219).
-24
What is -11 - (8 + 2 + -9 + -9)?
-3
What is the value of (-3 - -25 - (-42 + 57)) + -23?
-16
What is (-21 + -11 + 16 - -5) + (-7 - 2)?
-20
What is the value of -16 + 3 + 2 + 29 + -27 + -2?
-11
What is 1 + (-14 - ((-9 - -12) + -7))?
-9
What is the value of -8 - ((24 - 14) + 9)?
-27
3 + -4 - -3 - (2 - 5 - -1)
4
Calculate (-11 - 6) + 11 + 2 + 1.
-3
(4 - 45) + 73 + -64
-32
Calculate (-4 + 4 - 18) + 18.
0
Evaluate (7 - (2 + (0 - (5 + -4)))) + -9.
-3
Evaluate -12 - (-2 - (8 + (1 - 5))) - 6.
-12
17 + -29 + -1 + (7 - 0)
-6
Calculate -8 + 10 + -4 + 8 + 10.
16
Evaluate (19 - 10) + (-1 - 3 - -9) + -2.
12
(-35 - -55) + -68 + 26
-22
Evaluate -25 - (2 + (12 - 11)).
-28
-6 - ((2 - 26) + (12 - 8))
14
Calculate (13 - 18) + 23 + -17.
1
What is (-37 - (-69 + 21)) + 29?
40
Calculate 5 - (4 - (-8 - -2 - (-7 + 11))).
-9
-1 + 0 + 1 - (-658 + 668)
-10
-27 + (3 - (5 + -4)) + 8
-17
Calculate (-9 - -9 - -15) + -14.
1
1 - -15 - (34 + -4 + -21)
7
What is the value of 0 + -3 + 1 - (23 - 24)?
-1
Evaluate 4 + (-2 - -2) - ((-4 - -3) + 0).
5
What is -42 - (-12 + -4 - -7)?
-33
What is the value of -11 - (-2 - -20 - (6 - -4) - 1)?
-18
14 + -1 - (5 + -31 + 16)
23
What is the value of (2 - (23 + 3 - 0)) + -42 + 35?
-31
Calculate 1 + -26 + (-1189 - -1206).
-8
Calculate (7 - 1) + 642 + -636.
12
Evaluate 15 + (-9 - 9) - (3 + 1 - -3).
-10
What is the value of (-32 - (4 - 11)) + -2 + 6 - -11?
-10
What is the value of (-17 + 7 - 20) + 23?
-7
Calculate (3 + (0 - 0) - 1) + (-7 - -16).
11
What is the value of -13 - -13 - 9 - (-5 - (28 + -3))?
21
Calculate (-12 - (-4 + (0 - -5))) + -7.
-20
Calculate -6 - 1 - (-142 + 146 + (-11 - -1)).
-1
What is the value of -17 - (10 + -27 - -9 - 4)?
-5
What is the value of 22 + -7 + -6 + 7 + -6 + 10?
20
Evaluate 6 + (-4 - (17 + -11)).
-4
What is the value of 2 - -3 - 11 - ((-5 - 17) + 3)?
13
Calculate 3 - 28 - (-22 - -18).
-21
What is (-8 - -16 - -2) + (-40 - -3) - 3?
-30
Calculate (-3 - (-1 - (1 - -4))) + (-21 - -26).
8
What is the value of (1171 - 1185) + 1 + -6 + 1?
-18
Calculate (-1 - (3 - 0)) + 20 + 10 + -43.
-17
Evaluate 17 + (12 - 18) - (-4 + 7).
8
What is the value of -101 + 121 - (2 - -23)?
-5
Evaluate (70 + -58 - -11) + -1 + 10.
32
Calculate -18 - -5 - -15 - 12.
-10
Evaluate -2 + -69 - (252 + -294).
-29
What is the value of -25 + (28 - 9) - 8?
-14
Calculate (5 - -7) + -8 + (-1 - -13).
16
Calculate -17 - 1 - (189 + -188).
-19
Evaluate 12 - 1 - (34 - 58 - -30).
5
Evaluate 2 + -13 + 4 + -6 + -1 + -8.
-22
What is the value of -3021 - -3035 - (19 + 0)?
-5
Calculate -13 + -1 + -24 + 25.
-13
What is the value of 28 - ((28 - 12) + 15)?
-3
Evaluate -25 - (12 + 12 + -7 - 15).
-27
-2 + -2 + (5 - (7 - 5))
-1
Evaluate -8 - (-1 + -2 + 1) - (-85 - -82).
-3
Evaluate 1 + -14 + -8 + 20 + -23.
-24
Calculate (-1 + 1 - 2) + -63 + 57.
-8
Calculate (-78 - -76) + -2 + (7 - (2 - 1)).
2
Evaluate 41 + -5 + (133 - 132).
37
Evaluate (-11 - 1) + -11 + 22.
-1
Calculate 23 + -10 - (59 + -56).
10
What is -5 - -3 - 5 - (-10 + 0)?
3
What is the value of -21 - (-13 - (52 + -36))?
8
Calculate -24 - (-8 - (1 - -16)).
1
Evaluate -15 + -3 + 1 - (-110 - -111).
-18
What is the value of (0 - 37) + -66 + 111?
8
What is the value of 29 - 26 - (5 + 5)?
-7
What is the value of -8 + (-4 - (-4 + (-14 - -8)))?
-2
Evaluate 0 + (3 - 9) + 9.
3
18 - (-9 + 33) - -15
9
45 - (24 - 29 - -11)
39
Evaluate 6 + -20 + 30 + -19.
-3
(3 - (-5 + 13)) + (-6 - -1)
-10
Evaluate 2 + 16 + -14 + 10 + -4.
10
39 + (-16 - (15 - 20) - -4)
32
7 - (-1 + (-2 + 2 - -16) - 3)
-5
What is the value of -4 + -20 + (5 - -4)?
-15
Calculate 14 + 2 + -20 - (10 - 2).
-12
What is 2 - (1 + (13 - 17 - (0 + 1)))?
6
What is the value of (-1 - (9 + -12)) + 8 + -23?
-13
What is 2 + -12 + 2 + 13?
5
Evaluate (9 - 11) + -10 + -4 + 4.
-12
-73 + 24 + 52 - (1 - -32)
-30
What is 1 + -7 + -4 + 17 + -10?
-3
5 - 12 - -26 - 11 - -14
22
Calculate 7 - -13 - 2 - (-1 + 2 + -3).
20
10 + -20 + (7 - -4) - 6
-5
Calculate (-13 - -31) + (60 - 80).
-2
3 - (2 - (-3 - 3 - (-7 - -2)))
0
What is the value of 13 + -50 + 30 - (1 + -1 + 5)?
-12
What is 29 + -18 + (2 - 0) - 3?
10
(-8 - -8) + 0 - (4 + 5)
-9
What is 10 + (-7 + 13 - 8) - 12?
-4
Calculate 13 + (-14 - (-4 - -2 - 5)) + -1.
5
What is -21 + (-17 - (-25 - -11))?
-24
What is the value of 13 - 10 - (4 - ((0 - 15) + 2))?
-14
Evaluate -1 + 1 + 5 + -9 - (1 + 3).
-8
Evaluate 0 + 0 + -16 + (53 - 27) + -11.
-1
-12 + (7 + (-18 - -6) - -12) - 13
-18
What is the value of -21 + -15 + 35 - (3 + 1)?
-5
What is -5 + (5 + -10 - -6) + 17 + 0?
13
Evaluate -5 - (-10 - -15) - -17.
7
What is the value of 19 - ((-4 - 17) + 41)?
-1
Evaluate 12 - (-109 + 117 - (14 - -1)).
19
What is the value of (43 - 41) + -1 + (1 - 0)?
2
What is the value of 12 - (3 - -11) - -14?
12
Evaluate -4 + 2 + -1 + -2 - (-28 - -10).
13
What is 28 + (53 - 86) + (-1 - 1)?
-7
-1 + 19 + (2 + -10 - (-2 + 1))
11
Evaluate 3 + -15 + 3 + (12 - 6).
-3
Evaluate -2 + (-9 + -11 - -10) - -5.
-7
What is 5 - 17 - -15 - 0?
3
Evaluate -8 - ((-4 - -5) + -3 + (4 - 4)).
-6
What is the value of 20 + (26 - 17) + -7?
22
Calculate 1 + 3 - (-3 + (10 - 4) + -7).
8
0 + (-1 + 2 - 3) - (310 + -308)
-4
Evaluate -10 + (3 + -19 + 15 - (0 - -2)).
-13
-5 - -5 - (-42 + 47)
-5
Calculate -10 + (4 - (17 + -10)).
-13
-33 + 2 + 19 + 1
-11
4 + -8 - (5 - (-7 - (-11 - -6)))
-11
What is 311 - 295 - (3 + 0 - (6 - 12))?
7
What is the value of -33 + (54 + (-22 - 11) - (0 + 11))?
-23
Calculate 9 - (14 - (9 + -6)).
-2
What is the value of 10 - (0 + 36 + -2 + -19)?
-5
-18 - (9 + -13 - 19)
5
Evaluate -10 - (20 + -22 + (4 - (7 - 4))).
-9
Evaluate -23 + 9 + (4 - (-1 + 5 + 3)).
-17
2 - (-4 - -13) - (9 - 14)
-2
What is the value of 7 + -8 + -17 + 17?
-1
What is 1 + -3 - (6 + 1)?
-9
What is (12 - 20 - -16) + (-3 - 10)?
-5
Calculate 35 + (29 - 57) - (12 - -1).
-6
Calculate -14 - 2 - -30 - (-7 + 4 + -3).
20
Calculate 7 + (1 - (-3 - -9)).
2
-18 - (-16 - (12 - 23))
-13
Evaluate 13 - (-14 + (-3 - -24)).
6
What is 48 + (-7 - 15) - 17?
9
What is the value of 18 + (-4 - (-20 - (-27 - -14)))?
21
What is the value of 11 + -26 + (3 - 2)?
-14
What is the value of (-4 - (-13 + 15 - 11)) + 9?
14
Calculate -8 + -10 + 37 - (-1 + -4 + 11).
13
What is the value of 24 + (14 - -8) + -29?
17
Calculate -2 + (15 + -30 - 3).
-20
Calculate -5 + 5 - (11 - 3 - 0) - 0.
-8
Calculate -13 - 2 - (-7 - (1 - (-7 + 22))).
-22
What is the value of (-52 - -27) + 6 - 10?
-29
What is 3 + 13 + 3 + (19 - 20)?
18
What is -9 + 13 + (-6 - (2 + -7))?
3
What is 12 + (1 - 9 - -3 - -2 - -11)?
20
What is 7 + (2 - 6) - (0 + -6 + 2)?
7
What is the value of (-16 - (5 + -17)) + 8?
4
What is the value of 18 - 3 - 9 - -2?
8
Evaluate (-3 - (6 + -7)) + 4.
2
Calculate 13 - (4 - (3 - -14 - 0)).
26
22 + (41 - 29) + -23
11
Calculate 5 - (16 + -5 + (4 - 4)).
-6
Calculate 8 + (-10 - (1 - -1 - -5)).
-9
358 + -344 - (25 + -3)
-8
Evaluate -8 - (6 + -46 + 7 - (-1 - -11)).
35
22 - (1 - (-10 + -3 + 10))
18
Evaluate -1 + 1 + 26 + (1 - -11 - 22).
16
What is the value of 124 - 108 - (-1 - -12)?
5
Calculate 6 + 2 - (6 - (-21 - 14)).
-33
Calculate -45 + (106 + -87 - (5 - -2)).
-33
What is (2 - (-9 + 10 - -7 - 11)) + -4?
1
-10 + ((-2 - -1) + 1 - (734 - 739))
-5
What is the value of -5 - 0 - -53 - (9 + -10 + 13)?
36
What is the value of -175 + 182 + (-5 - 3) + 2?
1
What is 82 + -89 - (1 - 0) - 4?
-12
What is the value of 3 - 3 - -3 - (-2 + 4 + 10)?
-9
Calculate -17 + 45 + 17 + -24.
21
What is 16 - (-14 - 1 - -25)?
6
(-35 - (12 + -30)) + 21
4
8 - (38 - 50 - (-21 + -3))
-4
What is the value of 0 + -2 - ((-12 - 1) + -288 + 296)?
3
Evaluate (16 - (8 + -15 + 8)) + 14.
29
What is the value of (23 - (4 + 23)) + -35?
-39
What is the value of 19 + -1 + -3 + 24 + -41?
-2
What is -18 + -2 + 2 + 0 - (-883 - -886)?
-21
Calculate -17 - -45 - 37 - 2.
-11
7 + (-8 + 25 - 16 - 6)
2
What is 1 + (10 - (-4 - -6 - 4))?
13
What is the value of -1 + (-13 - 0) + (-3442 - -3445)?
-11
What is the value of -8 - ((-8 - (-9 + 1)) + -2)?
-6
Eval